vided by 24?
22
What is the remainder when 25258480 is divided by 62?
52
What is the remainder when 348845 is divided by 174422?
1
What is the remainder when 244665 is divided by 22164?
861
Calculate the remainder when 52826 is divided by 13197.
38
Calculate the remainder when 10508575 is divided by 441.
427
What is the remainder when 121051 is divided by 19196?
5875
What is the remainder when 99762040 is divided by 19?
13
Calculate the remainder when 5200645 is divided by 866722.
313
What is the remainder when 34548 is divided by 2369?
1382
Calculate the remainder when 29800 is divided by 13911.
1978
Calculate the remainder when 213100840 is divided by 463.
460
Calculate the remainder when 47623 is divided by 9427.
488
Calculate the remainder when 52024956 is divided by 208.
204
Calculate the remainder when 24635202 is divided by 524153.
11
Calculate the remainder when 210518 is divided by 9561.
176
Calculate the remainder when 10150197 is divided by 699.
18
What is the remainder when 64677 is divided by 4427?
2699
Calculate the remainder when 61061 is divided by 239.
116
Calculate the remainder when 2751917 is divided by 2611.
2534
Calculate the remainder when 1117836 is divided by 12.
0
What is the remainder when 17204273 is divided by 26?
21
Calculate the remainder when 3047248 is divided by 142.
70
Calculate the remainder when 873579 is divided by 1019.
296
Calculate the remainder when 471077 is divided by 224.
5
Calculate the remainder when 689205 is divided by 188.
185
Calculate the remainder when 53204 is divided by 10202.
2194
Calculate the remainder when 823494 is divided by 100.
94
What is the remainder when 49473784 is divided by 2334?
2320
Calculate the remainder when 15167346 is divided by 242.
238
Calculate the remainder when 2291605 is divided by 415.
390
Calculate the remainder when 159707867 is divided by 4478.
4475
What is the remainder when 7093782 is divided by 3293?
660
What is the remainder when 338619 is divided by 29?
15
Calculate the remainder when 5519 is divided by 610.
29
Calculate the remainder when 12176472 is divided by 37351.
46
Calculate the remainder when 52636 is divided by 1551.
1453
What is the remainder when 253788 is divided by 206?
202
Calculate the remainder when 1593046 is divided by 176890.
1036
Calculate the remainder when 310785 is divided by 22198.
13
Calculate the remainder when 17138 is divided by 6514.
4110
What is the remainder when 38644 is divided by 91?
60
Calculate the remainder when 7054559 is divided by 72.
71
What is the remainder when 938981 is divided by 445?
31
What is the remainder when 2521098 is divided by 1133?
173
Calculate the remainder when 209885 is divided by 41881.
480
What is the remainder when 3561257 is divided by 28?
21
What is the remainder when 383266 is divided by 10351?
279
Calculate the remainder when 20616 is divided by 1593.
1500
Calculate the remainder when 29740976 is divided by 14333.
1
Calculate the remainder when 216968 is divided by 441.
437
Calculate the remainder when 14123 is divided by 13959.
164
What is the remainder when 730162 is divided by 21?
13
Calculate the remainder when 26498011 is divided by 1849.
1841
Calculate the remainder when 773471 is divided by 329.
321
Calculate the remainder when 3417471 is divided by 1793.
13
Calculate the remainder when 607479 is divided by 2892.
159
Calculate the remainder when 13377383 is divided by 35.
33
What is the remainder when 955925 is divided by 28?
5
What is the remainder when 58409779 is divided by 1571?
1570
Calculate the remainder when 165582514 is divided by 68.
66
Calculate the remainder when 3450865 is divided by 27.
22
Calculate the remainder when 30863802 is divided by 15431897.
8
Calculate the remainder when 198155 is divided by 5827.
37
Calculate the remainder when 3070639 is divided by 1861.
1850
What is the remainder when 132839 is divided by 204?
35
What is the remainder when 99460 is divided by 6715?
5450
What is the remainder when 579983 is divided by 2339?
2250
What is the remainder when 134430 is divided by 13081?
3620
What is the remainder when 2227176 is divided by 371196?
0
Calculate the remainder when 1334447 is divided by 108.
107
What is the remainder when 1573863 is divided by 1977?
171
Calculate the remainder when 4257998 is divided by 12864.
14
What is the remainder when 129804 is divided by 129646?
158
What is the remainder when 484669 is divided by 38?
17
What is the remainder when 1677321 is divided by 12067?
8
Calculate the remainder when 5022 is divided by 369.
225
What is the remainder when 124622 is divided by 535?
502
Calculate the remainder when 588552 is divided by 3.
0
Calculate the remainder when 6047829 is divided by 14.
11
Calculate the remainder when 15940633 is divided by 53492.
17
What is the remainder when 745 is divided by 519?
226
What is the remainder when 12686 is divided by 226?
30
Calculate the remainder when 23179155 is divided by 539.
538
Calculate the remainder when 3484045 is divided by 89.
51
Calculate the remainder when 64108142 is divided by 1563613.
9
Calculate the remainder when 37772 is divided by 710.
142
What is the remainder when 1060856 is divided by 188?
160
What is the remainder when 123366 is divided by 156?
126
Calculate the remainder when 82835296 is divided by 26.
24
Calculate the remainder when 12213 is divided by 692.
449
Calculate the remainder when 34087635 is divided by 39.
36
Calculate the remainder when 777403 is divided by 777350.
53
What is the remainder when 12650314 is divided by 323?
19
Calculate the remainder when 7912171 is divided by 608628.
7
Calculate the remainder when 1240625 is divided by 65279.
324
Calculate the remainder when 175964 is divided by 9766.
176
Calculate the remainder when 130547 is divided by 560.
67
Calculate the remainder when 808022 is divided by 89734.
416
What is the remainder when 76338 is divided by 106?
18
What is the remainder when 220398 is divided by 110171?
56
What is the remainder when 2581360 is divided by 2408?
2392
Calculate the remainder when 33784354 is divided by 163.
159
Calculate the remainder when 10631778 is divided by 1777.
1764
What is the remainder when 56446925 is divided by 15?
5
What is the remainder when 23419701 is divided by 190404?
9
What is the remainder when 4466017 is divided by 893202?
7
Calculate the remainder when 1176121 is divided by 1075.
71
What is the remainder when 58514708 is divided by 2807?
2793
What is the remainder when 170729 is divided by 4054?
461
What is the remainder when 11430 is divided by 481?
367
Calculate the remainder when 16715229 is divided by 63.
6
Calculate the remainder when 22516954 is divided by 3752811.
88
What is the remainder when 330638046 is divided by 3?
0
What is the remainder when 11847348 is divided by 1184732?
28
What is the remainder when 351474 is divided by 373?
108
What is the remainder when 302104 is divided by 4152?
3160
Calculate the remainder when 1511828 is divided by 51.
35
What is the remainder when 1974661 is divided by 1974653?
8
Calculate the remainder when 145725142 is divided by 73.
60
What is the remainder when 55940186 is divided by 2385?
11
What is the remainder when 129750 is divided by 1907?
74
What is the remainder when 117098 is divided by 1606?
1466
What is the remainder when 2534893 is divided by 33?
31
Calculate the remainder when 1501977 is divided by 51.
27
What is the remainder when 506543 is divided by 506499?
44
What is the remainder when 4282659 is divided by 237903?
405
Calculate the remainder when 19331 is divided by 3092.
779
Calculate the remainder when 341552 is divided by 3114.
2126
What is the remainder when 869304 is divided by 18875?
1054
What is the remainder when 10459993 is divided by 2306?
2283
What is the remainder when 5140787 is divided by 21?
8
Calculate the remainder when 33800450 is divided by 60.
50
What is the remainder when 549555 is divided by 104?
19
What is the remainder when 5805632 is divided by 1161115?
57
Calculate the remainder when 97241 is divided by 861.
809
What is the remainder when 451694879 is divided by 3360?
3359
What is the remainder when 2656001 is divided by 332?
1
What is the remainder when 99823 is divided by 3184?
1119
What is the remainder when